ite number?
False
Let r(f) = -1122*f**3 - 2*f**2 - 4*f - 3. Is r(-1) a prime number?
False
Let x(t) = t - 5*t**2 + 5*t**2 - 202*t**3. Is x(-1) a composite number?
True
Is (-1 - -82) + 4 + 0 a composite number?
True
Let r(o) = o**3 + 2*o**2 - 3*o + 2. Let d be r(-3). Suppose 176 = d*t - 2. Is t prime?
True
Let z(g) = g + 5. Let o be z(-5). Let c(b) = -b + 8. Let y be c(6). Suppose 5*k - 54 - 48 = -2*q, o = y*k - 3*q - 56. Is k prime?
False
Let z be 14*1/((-1)/3). Is 1*-2 - z/2 composite?
False
Suppose 0 = -3*c - m + 708, -340 = -5*c + 3*m + 854. Is c a composite number?
True
Let f = -541 + 1492. Is f a composite number?
True
Let g(n) be the third derivative of n**4/12 - n**3 - 3*n**2. Let i be g(-7). Is i*(3/12 + -2) a prime number?
False
Let k = 12 + -3. Suppose -4*v + 4*p = 0, -4*v + p - k = -0. Let z(o) = -17*o - 4. Is z(v) prime?
True
Let y = 7 + 41. Let x = y - 2. Is x a prime number?
False
Suppose 6 = 2*p - 2*r, -3*p - r - r = -14. Let i(t) = 3*t**3 - 4*t**2 - t + 3. Is i(p) a prime number?
True
Let c(z) = 5 - 4 + z + 0*z + 4*z**3 - 5*z**2 - 2*z**3. Is c(4) a prime number?
True
Suppose -4*z - 16 = -3*x - 6, 0 = -5*x - 4*z + 6. Let c(g) = g + 2. Let p be c(x). Suppose -3*m = -6, 0 = 5*k - 0*m - p*m - 267. Is k prime?
False
Let g(u) = -4 - 5*u**2 - 1 + 4*u**2 + 4*u. Let n be g(6). Let o = 6 - n. Is o composite?
False
Let p(c) = -c**2 - 9*c + 8. Let g(r) = 6*r**2 + 46*r - 41. Let f(y) = 2*g(y) + 11*p(y). Is f(7) a prime number?
False
Let p(z) = 6*z - 4. Let c be p(3). Let a = -20 + c. Is 78 + -1 + a/(-3) composite?
False
Suppose 21 = -4*z - 11. Is (2/z)/((-4)/1264) composite?
False
Suppose -4*w + 3 = -5*w - 3*c, 0 = -5*w + 2*c + 19. Suppose -2*x = 0, 4*f - w*x - 12 = x. Is f a prime number?
True
Suppose -10 = 4*i - 2*r, 5 = -5*i - 3*r - 2*r. Is (-49)/i + (-24)/16 a prime number?
True
Let v = -1 + 3. Suppose -3*j + v*j + 59 = 0. Suppose 0*w = -w + 2*t + 21, -3*t = -4*w + j. Is w prime?
True
Suppose -3 = -2*y + y. Suppose 5*l = 3*p - 451, 5*p - l = -y*l + 793. Is p composite?
False
Let x(g) = -5*g + 1. Let a be x(-15). Is ((-15)/(-30))/(2/a) a prime number?
True
Let x = -125 + 162. Is x a prime number?
True
Let o = 4 - 2. Let a be ((-10)/(-4))/(o/4). Suppose 0 = a*g - 95 - 35. Is g composite?
True
Suppose 160 = -3*t - 170. Is t/(-15)*(-18)/(-4) prime?
False
Is 366 - 3*(-3)/9 a prime number?
True
Suppose -2*b - 3 = 4*s + 19, 3*b - 9 = 0. Let c be (s - -4)/(6/(-164)). Let x = c - 27. Is x composite?
True
Let a = 6 + -3. Suppose 0 = a*d - 43 - 74. Is d a prime number?
False
Suppose 2063 = 4*o - 1049. Is o a composite number?
True
Let t(r) = -34*r**3 - 4*r - 5 + 2*r + 4. Let z(p) = -p**2 + p + 1. Let a be z(-1). Is t(a) prime?
False
Let b(o) = -o + 3*o**2 - 2 + 5*o**2 - 6*o**2 + o**3. Let x be b(-2). Is -31*(-1 - (0 - x)) prime?
True
Suppose w + 4*w - 55 = 0. Let p(u) = -36*u - 3. Let l(j) = 12*j + 1. Let f(r) = w*l(r) + 4*p(r). Is f(-2) a prime number?
True
Suppose -4*w + 9193 = 2573. Is w a prime number?
False
Let o(w) be the third derivative of -w**6/120 - 13*w**5/60 - 11*w**4/24 + w**3 + 2*w**2. Let q(f) = -f**2 - 3*f - 3. Let a be q(-5). Is o(a) a prime number?
True
Let n(l) = 11*l**3 + 5*l**2 - 2*l - 1. Is n(3) a prime number?
False
Suppose 2*y + 1087 = 3*y. Is y prime?
True
Let q = -16 - -95. Suppose 3*c + q = 4*c. Is c composite?
False
Suppose 0*c = 4*x + 5*c - 31, 2 = 2*x - 2*c. Let z be x/(-14) - 130/35. Is ((-38)/z)/((-2)/(-4)) a prime number?
True
Let a(x) = x**3 - x - 69. Let p be a(0). Let j be p/(-15) + 2/5. Suppose 5*v + 39 = 4*w, 2*v - 7 = -j*w + 17. Is w a prime number?
False
Let r be (-1)/(-2) + 9/6. Suppose 4*z + 2774 = 2*g, 12 = -r*z - z. Is g composite?
True
Let c(j) = -3*j**2 - j. Suppose 2*w + 10 = -2*y - 2*y, 4*y = 2*w - 14. Let k be c(w). Is (-90)/(-8) - (-1)/k composite?
False
Let i = -404 - -661. Is i a prime number?
True
Suppose 5*m = 12 - 2. Suppose 80 = 2*b - m*v, -4*v + 92 = -b + 4*b. Is b + 1 + 0 + -2 composite?
True
Let t = 2516 - 1257. Is t prime?
True
Let n = 17 - 109. Let p = n - -231. Is p a prime number?
True
Let m = -6 + 5. Let i be -3 + m + -2 + 0. Let v = 13 - i. Is v a prime number?
True
Suppose 0 = -2*o + q - 6*q + 218, 0 = -o + 5*q + 109. Is o prime?
True
Let z(f) = -4*f**3 - 6*f**2 + 5*f + 6. Let j(a) = 3*a**3 + 7*a**2 - 6*a - 7. Let t(r) = 3*j(r) + 2*z(r). Is t(-7) a composite number?
True
Let b(c) = 4*c**3 - c**2 - 7*c + 7. Is b(5) a composite number?
True
Let c(v) be the first derivative of -v**4/4 - 8*v**3/3 - 9*v**2/2 - 3*v + 4. Is c(-7) a composite number?
False
Let a(m) = 2*m + 1. Let b be a(1). Suppose 3*l - b*j - 111 = -6*j, 6 = 2*j. Is l a prime number?
False
Let f be (0 - 0)/(-1*2). Suppose -k - 3*h + 215 = f, -k + 631 = 2*k - 5*h. Suppose 0 = -0*q - 4*q + k. Is q prime?
True
Let a(m) = m**3 + 4*m**2 - 6*m + 1. Let y be a(-5). Let h be 309/6 + y/4. Is h - 1/(-1)*-2 a composite number?
True
Suppose 0 = 5*c - 4*r - 57 - 871, 5*c - 3*r - 926 = 0. Is (c/(-12))/((-4)/6) composite?
False
Is 4/((-8)/674)*-1 prime?
True
Suppose j = 4*i - 164, 0 = -4*j - 0*i + 3*i - 695. Let v be (-5)/(-2*(-2)/j). Suppose -2*x = -6*x + v. Is x composite?
True
Let s be 5254/8 + (-1)/(-4). Suppose -3*d + 2*b - 3*b + s = 0, 4*d + 2*b - 876 = 0. Is d a prime number?
False
Let s(y) = -y**2 + 11*y - 5. Suppose 5*i = 5*b - 61 - 9, 0 = 3*b + 2*i - 57. Let m = -8 + b. Is s(m) a composite number?
False
Let w(g) = 51*g**2 + 1. Let k be w(1). Is (34 - 1)*k/12 a composite number?
True
Suppose -m + 34 + 1 = 0. Is m a prime number?
False
Let w = 87 - 40. Is w composite?
False
Suppose l + 3 = 2*l. Let o = l - 3. Suppose -3*b = 2*r - 27, o = -3*b - 3*r - 0*r + 27. Is b composite?
True
Let j = 288 - -131. Is j composite?
False
Let i = -25 - -174. Is i composite?
False
Suppose 6*t + 3*x = 2*t + 22, -2*x = -4. Suppose t*w - 281 = 51. Is w prime?
True
Let f(z) = 142*z**2 - 1. Is f(-1) a prime number?
False
Suppose 3*h + 3 = 93. Is (54/h)/(1/5) a prime number?
False
Is 10 + -13 + (-656)/(-1) composite?
False
Let q = 131 + 264. Is q composite?
True
Suppose -2*h - 2*y - 11908 = 0, -4*y + 13406 = -5*h - 16382. Let i be (-2)/(-8) - h/(-16). Is ((-4)/6)/(8/i) composite?
False
Suppose -15 = -3*c + 3. Let p = -1 + 5. Suppose 0 = 2*h + c, 3*s = 8*s - p*h - 227. Is s a prime number?
True
Suppose -2 = 3*y + u - 10, 2 = u. Suppose w + q - 113 = 0, y*q = 2*w - q - 251. Is w prime?
False
Let z = -231 + 1328. Is z composite?
False
Let n = 4 - 1. Let c(h) = -h**2 + 2*h - 3. Let x be c(n). Is (56/x + 2)*-3 a prime number?
False
Suppose 7*o = 3*o + 948. Is o a prime number?
False
Suppose -3*h + h + 966 = 0. Suppose 0 = s + 2*s - h. Is s composite?
True
Let m(f) = f - 1. Let y be m(3). Let t(v) = 3*v + 1. Let a be t(1). Suppose y*q + 115 = 3*i + 3*q, -16 = -a*q. Is i a prime number?
True
Let g(l) = -5*l + 1. Let r be g(-1). Suppose c - r*c + 130 = 0. Is c prime?
False
Is (26 + -12)*(1 - 6/(-4)) composite?
True
Let z be (1 + -13)*(-1 - 0). Suppose 0 = -3*n + 5*n + 2*o - 72, -2*n - 5*o + 63 = 0. Let s = n + z. Is s prime?
False
Let o(l) = 118*l**2 + 22*l + 19. Is o(-10) a composite number?
True
Suppose 3*r - 2 = 4*s - 7, 0 = -5*s - 5. Let x(b) = -28*b**3 - 4*b**2 - 2*b - 1. Let n be x(r). Suppose 0 = 5*f - h - 741, -5*h - n = -5*f - 0*f. Is f prime?
True
Suppose 14 = 4*z - 5*l, 4*l - 3 = 2*z - 7. Let t(m) = m**3 + z*m + 2 + 7 + 15*m**2 - 6*m**2. Is t(-8) a composite number?
True
Let n(a) = 323*a + 6. Let f(s) = -162*s - 3. Let i(r) = 9*f(r) + 4*n(r). Is i(-2) prime?
False
Let b(s) = -10 + 7*s + 0*s**2 + 0*s**2 - 7*s**2 + 2*s**3 - 2*s**2. Let a be b(7). Suppose -3*o - o + a = 0. Is o composite?
False
Let x(d) be the third derivative of d**4/24 + 7*d**3/3 + 2*d**2. Let t be x(-11). Suppose -s - t*s + 79 = -3*y, -4*s - 2*y + 74 = 0. Is s a prime number?
True
Is -446*-3*2/6 composite?
True
Let w be ((-4)/(-1))/((-4)/(-74)). Let n be (-45)/(2 - 1 - 2). Suppose 5*u - 3*b - w - 38 = 0, 0 = 2*u - b - n. Is u a composite number?
False
Is 1606/6*(2 + 1) a composite number?
True
Suppose -2*y = -3*y + 163. Is y prime?
True
Let l be -2*(0 + 15/6). Let k(j) = j**2 + 4*j - 6. Let q be k(l). Is -16*(-6)/2 - q prime?
False
Suppose -5*g = -g - 844. Is g composite?
False
Suppose 6*w = 2*w + 3820. Is w composite?
True
Let g = 35 - -156. Is g a prime number?
True
Suppose 2*